te s(j).
-5
Let a(m) = -m**3 + m + 4. Let q(c) = c**2 + 1. Let t(l) = a(l) - 2*q(l). Let k be (4 - 24/4)/1*(-2 - -3). Give t(k).
0
Let b = 28 - 18. Suppose 32*f - b*f = -132. Let o(a) = 5*a - 3*a**2 + 2*a**2 - 1 + 2*a**2. Give o(f).
5
Let a(m) = 2*m**2 - 2*m. Let r(d) = 4*d + 16. Let c be r(-11). Let i be (-108)/c - 1/(-7) - 2. Give a(i).
4
Let c(l) = -2*l**2 + 6*l - 1. Let m be ((-18)/27*-3)/((-2)/(-3)). What is c(m)?
-1
Let v(y) be the first derivative of y + 1/4*y**4 + 5/3*y**3 + 5 + 5/2*y**2. Determine v(-4).
-3
Let w(x) = x**2 - 2*x - 7. Suppose p - 4*r = -2*r + 32, 0 = -4*r - 16. Let c = p + -24. Let a be w(c). Let j(m) = m**3 + 6*m**2 - 6*m + 6. Determine j(a).
-1
Suppose -5*k = 4*w - k - 12, -w + k + 9 = 0. Let h(i) be the second derivative of i**5/20 - 7*i**4/12 + 5*i**3/6 + 5*i**2/2 + 471*i. Give h(w).
-1
Let y(w) = 23*w**2 - 8*w - 34*w**2 + 15 + 0 + 12*w**2. Give y(7).
8
Let m(z) = z**2 - 15*z + 5. Let d be m(15). Let s(h) be the second derivative of 0 + 7/2*h**2 - 1/6*h**3 + 5*h. Give s(d).
2
Let r(a) = 2*a - 4. Let j = -827 - -825. Calculate r(j).
-8
Let x(u) = u**2 + u - 2. Suppose 0 = -5*m + 3*m. Suppose 20 = 4*j - m*j. Suppose 0 = -h + 2, -j*w + 4*w - 6 = -2*h. Determine x(w).
0
Let c(a) be the third derivative of -a**5/60 - a**4/4 + a**3/3 + 2*a**2. Let i be c(-7). Let b(g) be the first derivative of g**2/2 + 8*g + 191. Give b(i).
3
Let j(o) = -o**3 + 4*o**2 + 5*o - 6. Let s be (-3)/(-6) - (-9)/2. Let z be j(s). Let g(m) = 2*m + 2 + 6 + 0 + 1. What is g(z)?
-3
Let s(x) = -4*x - 8. Let f(i) = i + 35. Let m be f(-41). What is s(m)?
16
Let o(q) = -7*q**3 + 3*q**2 + q + 3*q**3 + 2 + 3*q**3. Let c(j) = -2*j + 7. Let l(g) = 2*g - 7. Let t(y) = -4*c(y) - 3*l(y). Let a be t(5). What is o(a)?
5
Let s(h) be the first derivative of h**7/840 - h**6/60 - h**5/24 - h**4/24 + 10*h**3/3 + 11. Let d(q) be the third derivative of s(q). Determine d(7).
13
Let r be 1/(-2)*(4 + -2). Let b(w) = -15*w**2 - 9*w - 9. Let n(a) = 5*a + 45 - 16 - 24 + 8*a**2. Let d(u) = 6*b(u) + 11*n(u). Determine d(r).
-2
Let w(c) = 3331 - 3329 + 5*c**2 - 4*c**2. Determine w(3).
11
Suppose -11*q + 24 = -5*q. Let t(p) be the first derivative of p**2 - 13 + p + 3 - q*p**2. Give t(-1).
7
Let x = -31 + 52. Let i be (-21)/14 + x/6. Let c(q) = -2*q**3 + 2*q**2 + q + 2. Determine c(i).
-4
Let x(v) = -5*v**2 - 2 + 12*v**2 + 1. Let r = 780 + -779. What is x(r)?
6
Let i be ((-5)/(-4))/(4/48). Let o be ((-36)/14)/(i/70). Let s be 40/o*(-18)/(-15). Let q(v) = v**3 + 3*v**2 - 6*v - 3. Give q(s).
5
Let o(m) = 6*m**3 - 18*m**2 - 15*m + 14. Let j(g) = -3*g**3 + 9*g**2 + 7*g - 7. Let a(r) = -5*j(r) - 2*o(r). Give a(3).
-8
Suppose 0 = -241*l + 1064 + 141. Let s(q) be the third derivative of -q**5/60 + q**4/4 + 5*q**3/6 - q**2. Give s(l).
10
Let a(h) = -2 + 2*h**3 - 76*h**2 + 81*h**2 + 0*h + 6 + 4*h. Calculate a(-2).
0
Let h(s) = -s - 8. Suppose 3*a = -25 + 82. Let g(t) = t + t + a + t + 6. Let u(n) = 2*g(n) + 7*h(n). What is u(-5)?
-1
Let g(p) = 7*p - 10. Suppose -5*x - 11*u + 9*u + 14 = 0, 0 = u - 2. Determine g(x).
4
Let w = 902 + -890. Let d(l) = -l**3 + 11*l**2 + 15*l - 5. What is d(w)?
31
Let d(r) = -2*r**2 + 6*r + 7. Let k(c) = 4*c**2 - 12*c - 14. Let x(n) = 9*d(n) + 4*k(n). Let a be (-7 + 0 - -12) + 0. Determine x(a).
-13
Suppose 15 = 3*h - 0*l + 3*l, -11 = -3*h - l. Let t(k) = -2*k - 5. Let p be t(-6). Let i(y) = -p + 5 - 3 + 2*y + 6. Determine i(h).
7
Let r(o) = o**2 + 3*o - 13. Suppose 87 = -5*i - 18. Let h be (i + 22)*(-4 + -1). Let k be r(h). Let d(g) = g**2 + g + 2. Give d(k).
8
Let x(o) = 13*o**2 + 1. Let g(h) = h**3 - 10*h**2 - 25*h + 13. Let v be g(12). Determine x(v).
14
Let a(j) = 3*j - 5. Let r be a(0). Suppose 1 = 4*l + p - 3, 0 = l - 5*p - 22. Let s(m) = m**3 + m**l + 3*m**2 - 7*m + 0*m**2. Give s(r).
10
Let f = 279 + -282. Let v(d) = 8*d - 1. Determine v(f).
-25
Let x(d) = -81*d + 238*d - 78*d - 11*d**2 - 78*d + 1. Calculate x(-2).
-45
Let l(y) = 11*y - 1. Let h(a) = 124*a - 22. Let f(c) = h(c) - 12*l(c). Determine f(-6).
38
Let c = 410 + -417. Let i(v) = v**2 + 11*v + 10. Calculate i(c).
-18
Let p(n) = -n**2 - 7*n + 2. Let m be (-2)/4 - (-104)/(-16). Let s be p(m). Let z be (s/6)/(6/72). Let j(x) = -x**3 + 5*x**2 - x - 1. Give j(z).
11
Let v(p) = p**3 - 10*p**2 - 7*p - 16. Let x be v(11). Let b be x/(-98) + 16/7. Let m(g) = -3 + g - b + 6 + 0*g. Give m(-4).
-3
Let l = -2 - -2. Suppose -2*r = -r + 3*i + 12, -5*r - i - 74 = l. Let h = r + 11. Let b(n) = n**2 + 5*n + 2. Give b(h).
-2
Let l(b) = -5*b - 1 + 2*b**3 + 5 - 3 + 1. Let z be l(2). Let x(q) = -q**2 + 6*q + 10. What is x(z)?
-6
Suppose -4*m - 2*i - 6 = 0, 2*m - 7*i + 12 = -5*i. Let o(w) = -w**2 + 3*w - 3. Give o(m).
-21
Let m(x) = -3*x**2 + x + 1. Let z = -591 + 595. What is m(z)?
-43
Let f(d) = -224*d**2 + 24 - 4 + 225*d**2 + 14 - 14*d. Give f(11).
1
Let b(s) be the first derivative of 0*s - 5 + 1 + 0*s - 2*s - s**2. Calculate b(2).
-6
Suppose -5*w - p - 22 + 59 = 0, 4*p - 8 = 0. Let a(l) = 4 + 3*l**2 + l**3 - l**2 + 3*l**2 - l - w. Suppose 8*c = 3*c - 25. What is a(c)?
2
Let o(y) = -4*y**2 - y**3 + 7144*y - 7148*y - 3*y**2 + 4 + 0*y**2. Determine o(-6).
-8
Let k(l) = 7 + 2*l**2 + l - 3*l**2 - 5*l. Let z be ((-3)/2)/((-1)/(-4)). What is k(z)?
-5
Let i(t) = t**2 - 27*t + 125. Let j be i(21). Let g(y) = -9*y**2 + y. Determine g(j).
-10
Suppose -2*x = -2*u - u + 3, -5*x - 5*u + 30 = 0. Let q be x/12 - 76/(-16). Let b(m) = -m**2 + 7*m - 4. Give b(q).
6
Let q be ((-10)/4)/(8/16). Let u(f) = 2*f**2 + 13*f + 7. Let l(o) = -o**2 - 6*o - 4. Let m(c) = 5*l(c) + 2*u(c). What is m(q)?
-11
Let n(s) = -s**2 - s + 4. Suppose -12*l - 26 = -25*l. Give n(l).
-2
Let r be 4/7 - 227/(-7). Suppose r - 29 = -o. Let p(w) = w**3 + 5*w**2 + 3*w - 3. What is p(o)?
1
Let v(i) = i**3 + 4*i**2 - 11*i + 7. Suppose 28*z = 96*z + 408. Give v(z).
1
Let s(r) = 2*r + 5. Let n(k) = k + 5. Let y be n(7). Let b be (y/(-10))/(-4*(-9)/120). Determine s(b).
-3
Let a = -8 + 10. Let g(k) = 2 + 205*k**a - 206*k**2 + 1 - 7*k. What is g(-6)?
9
Let f(t) = t**3 - 3*t + 3. Let q(s) = -2*s + 16. Let g be (4/(8/(-30)))/(-1). Let c = 22 - g. Let d be q(c). What is f(d)?
5
Suppose 2*y + 10*h = 5*h, 0 = -0*h - 4*h. Let q(n) = -n**2 + 4*n - 3. What is q(y)?
-3
Let b be ((-24)/9 - 1) + (-2)/6. Let u(g) = -3*g**2 + g - 5. Let w(h) = 4*h**2 - h + 6. Let q(i) = -5*u(i) - 4*w(i). Give q(b).
-11
Let u(t) = -t**2 - 8*t - 8. Let b be -1 - 0 - (6 - 10) - 23. Let r = b - -14. Give u(r).
4
Let g(m) = -m**3 - m**2 + 2*m + 1. Let k(f) = -f**3 - 27*f**2 + f + 29. Let p be k(-27). Calculate g(p).
-7
Let n(w) = w**3 + 4*w**2 - w - 3. Let m be n(-4). Let j(u) = 3*u**2 + 2*u + 2. Let o be j(-2). Let d(s) = 4*s + o - 10 + 6*s. Determine d(m).
10
Let k(m) be the first derivative of m**2/2 + 2*m + 85. Give k(-5).
-3
Suppose -2*v = 3*a + 2*v - 226, 3*a = -v + 232. Let m(q) = q**3 + 73*q**2 - 4 - a*q**2 + 10*q - 5*q. Suppose -o + 12 = 2*o. Give m(o).
0
Let p(c) be the first derivative of -38 - 4*c - c**3 - 5/2*c**2. Let d(u) = u**2 + 5*u + 3. Let q be d(-3). Calculate p(q).
-16
Let h(x) be the first derivative of x**4/2 + 2*x**3/3 + 2*x + 161. Give h(-2).
-6
Let i(a) be the second derivative of a**3/6 + 11*a**2/2 - 52*a - 5. Let s = 8 - 14. Determine i(s).
5
Let p(t) = -t**2 - 5*t + 8. Suppose 68*j = 55*j - 78. Calculate p(j).
2
Let t = 5 - -2. Let n(a) = -t*a**2 + a**3 + a**2 + 17*a + 1 - 13*a. Suppose 0 = -4*z + y + 17, 2*y - 9 = -y. Determine n(z).
-4
Let l(f) be the third derivative of f**6/60 - f**5/10 + f**4/12 - f**3 + 2*f**2 - 13. Calculate l(4).
34
Let y(i) = -i + 4. Let m(u) = 12*u + 126. Let w be m(-12). Let c(l) = -9 + 13 + 18 + l. Let k be c(w). Give y(k).
0
Let z(n) = 29*n - 15. Let t(h) = 14*h - 7. Let m(f) = 13*t(f) - 6*z(f). Let b be (-4)/((-2)/1) - -3. Suppose 1 = -4*v + b. Give m(v).
7
Let n(o) = -o**2 - 9*o + 12. Let h be (-79)/7 + 4/14. Calculate n(h).
-10
Suppose -2*c - 7 = -3. Let v(k) = 6*k + 1. What is v(c)?
-11
Let z(v) = -v**2 + 2*v**2 + 1 + 0*v**2. Let w(o) = -2*o + 0*o**3 - o**2 + 3*o**2 - o**3 + o**2. Let f be w(1). What is z(f)?
1
Let x = 109 + -116. Let h(w) = w**2 + 9*w - 7. Determine h(x).
-21
Let z(i) = 0*i + 4*i**3 + 7*i**2 + i + 0*i**3 - 3*i**3 + 3. Suppose -7*n - 29 = -2*n + 2*r, -r - 18 = 3*n. Calculate z(n).
-4
Let p(k) = -k + 12. Let y be p(8